{"id":2787,"date":"2025-08-12T06:08:02","date_gmt":"2025-08-12T06:08:02","guid":{"rendered":"https:\/\/sumitrix.com\/index.php\/producto\/ups-pm-20kva-380v-3f-gmi20tsa-riello\/"},"modified":"2025-08-12T06:08:02","modified_gmt":"2025-08-12T06:08:02","slug":"ups-pm-20kva-380v-3f-gmi20tsa-riello","status":"publish","type":"product","link":"https:\/\/sumitrix.com\/index.php\/producto\/ups-pm-20kva-380v-3f-gmi20tsa-riello\/","title":{"rendered":"UPS PM 20KVA 380V 3F GMI20TSA | RIELLO"},"content":{"rendered":"<p><strong>La gama Multi Guard Industrial de Riello UPS<\/strong> es un sistema de alimentaci\u00f3n ininterrumpida (SAI) dise\u00f1ado para asegurar la continuidad de la alimentaci\u00f3n en entornos industriales y sectores cr\u00edticos, donde la interrupci\u00f3n del suministro el\u00e9ctrico puede tener consecuencias graves. Esta gama se caracteriza por su flexibilidad y capacidad para adaptarse a diferentes necesidades de potencia y condiciones ambientales.<\/p>\n<p>\u00a0<\/p>\n<p><strong>Caracter\u00edsticas principales:<\/strong><\/p>\n<p><strong>\u00a0<\/strong><\/p>\n<p><strong>Versatilidad:<\/strong><\/p>\n<ul>\n<li>Ofrece opciones de salida monof\u00e1sica y trif\u00e1sica, y puede aceptar entradas trif\u00e1sicas o monof\u00e1sicas.<\/li>\n<li>Potencia escalable:<\/li>\n<li>Permite la configuraci\u00f3n de m\u00f3dulos de 20 kVA, ampliables hasta 160 kVA mediante la conexi\u00f3n en paralelo de armarios.<\/li>\n<\/ul>\n<p>\u00a0<\/p>\n<p><strong>Adaptabilidad:<\/strong><\/p>\n<ul>\n<li>Dise\u00f1ada para funcionar en ambientes industriales con condiciones ambientales espec\u00edficas, como temperaturas extremas o presencia de polvo.<\/li>\n<\/ul>\n<p>\u00a0<\/p>\n<p><strong>Eficiencia:<\/strong><\/p>\n<ul>\n<li>Utiliza tecnolog\u00eda DSP y IGBT para optimizar el rendimiento y la eficiencia energ\u00e9tica.<\/li>\n<li>Conectividad:<\/li>\n<li>Puede conectarse a armarios de bater\u00edas externas para garantizar la autonom\u00eda deseada en caso de corte de suministro.<\/li>\n<\/ul>\n<p>\u00a0<\/p>\n<p><strong>Aplicaciones:<\/strong><\/p>\n<ul>\n<li>Sectores cr\u00edticos donde la continuidad del suministro es esencial, como hospitales, centros de datos, plantas industriales, etc.<\/li>\n<li>Aplicaciones que requieren protecci\u00f3n contra fluctuaciones de tensi\u00f3n, cortes de energ\u00eda o sobretensiones.<\/li>\n<\/ul>\n<p>\u00a0<\/p>\n<p><strong><a href=\"https:\/\/drive.google.com\/file\/d\/1uDOGVXvV1BsUnfZCDx42bbfZoyFxrOww\/\" target=\"_blank\">FICHA T\u00c9CNICA<\/a><\/strong><\/p>\n","protected":false},"excerpt":{"rendered":"<p>La gama Multi Guard Industrial de Riello UPS es un sistema de alimentaci\u00f3n ininterrumpida (SAI) dise\u00f1ado para asegurar la continuidad de la alimentaci\u00f3n en entornos industriales y sectores cr\u00edticos, donde la interrupci\u00f3n del suministro el\u00e9ctrico puede tener consecuencias graves. Esta gama se caracteriza por su flexibilidad y capacidad para adaptarse a diferentes necesidades de potencia [&hellip;]<\/p>\n","protected":false},"featured_media":2786,"comment_status":"open","ping_status":"closed","template":"","meta":[],"product_brand":[],"product_cat":[121],"product_tag":[],"class_list":{"0":"post-2787","1":"product","2":"type-product","3":"status-publish","4":"has-post-thumbnail","6":"product_cat-ups-online-trifasicos-modular","8":"first","9":"instock","10":"shipping-taxable","11":"purchasable","12":"product-type-simple"},"jetpack_sharing_enabled":true,"_links":{"self":[{"href":"https:\/\/sumitrix.com\/index.php\/wp-json\/wp\/v2\/product\/2787","targetHints":{"allow":["GET"]}}],"collection":[{"href":"https:\/\/sumitrix.com\/index.php\/wp-json\/wp\/v2\/product"}],"about":[{"href":"https:\/\/sumitrix.com\/index.php\/wp-json\/wp\/v2\/types\/product"}],"replies":[{"embeddable":true,"href":"https:\/\/sumitrix.com\/index.php\/wp-json\/wp\/v2\/comments?post=2787"}],"wp:featuredmedia":[{"embeddable":true,"href":"https:\/\/sumitrix.com\/index.php\/wp-json\/wp\/v2\/media\/2786"}],"wp:attachment":[{"href":"https:\/\/sumitrix.com\/index.php\/wp-json\/wp\/v2\/media?parent=2787"}],"wp:term":[{"taxonomy":"product_brand","embeddable":true,"href":"https:\/\/sumitrix.com\/index.php\/wp-json\/wp\/v2\/product_brand?post=2787"},{"taxonomy":"product_cat","embeddable":true,"href":"https:\/\/sumitrix.com\/index.php\/wp-json\/wp\/v2\/product_cat?post=2787"},{"taxonomy":"product_tag","embeddable":true,"href":"https:\/\/sumitrix.com\/index.php\/wp-json\/wp\/v2\/product_tag?post=2787"}],"curies":[{"name":"wp","href":"https:\/\/api.w.org\/{rel}","templated":true}]}}