{"id":2647,"date":"2025-08-12T06:05:51","date_gmt":"2025-08-12T06:05:51","guid":{"rendered":"https:\/\/sumitrix.com\/index.php\/producto\/ups-tower-1kva-0-9kw-monofasico-220vac-c-bateria-interna-ht1101s-invt-power\/"},"modified":"2025-08-12T06:05:52","modified_gmt":"2025-08-12T06:05:52","slug":"ups-tower-1kva-0-9kw-monofasico-220vac-c-bateria-interna-ht1101s-invt-power","status":"publish","type":"product","link":"https:\/\/sumitrix.com\/index.php\/producto\/ups-tower-1kva-0-9kw-monofasico-220vac-c-bateria-interna-ht1101s-invt-power\/","title":{"rendered":"UPS TOWER 1KVA\/0.9KW MONOFASICO 220VAC C\/BATERIA INTERNA | HT1101S | INVT POWER"},"content":{"rendered":"<p><strong>La serie HT11<\/strong> es un UPS de doble conversi\u00f3n en l\u00ednea con tecnolog\u00eda de control DSP completa. Con un alto factor de potencia de entrada y salida, frecuencia de salida autoajustable y gesti\u00f3n de red, HT11 es una opci\u00f3n perfecta para computadoras, equipos de telecomunicaciones y otros dispositivos sensibles.<\/p>\n<p>\u00a0<\/p>\n<p><strong>Aplicaci\u00f3n<\/strong><br \/>IDC (Centro de datos de Internet), red, servidores y estaciones de trabajo, sistema de control, sistema de comunicaci\u00f3n, oficina, PC, etc.<\/p>\n<p>\u00a0<\/p>\n<p><strong>Caracter\u00edstica<\/strong><br \/>\u2022 Amplio rango de voltaje de entrada mientras que la entrada PF&gt;97%<br \/>\u2022 Salida PF de 0.9, capacidad de carga m\u00e1s potente<br \/>\u2022 Protecci\u00f3n completa contra sobretensi\u00f3n, cortocircuito y sobretemperatura<br \/>\u2022 Pantalla LCD\/LED, que supervisa todo el estado de funcionamientoAjuste autom\u00e1tico de la velocidad del ventilador<br \/>\u2022 Transformador de salida incorporado para ramal TX<\/p>\n<p>\u00a0<\/p>\n<p><a href=\"https:\/\/drive.google.com\/file\/d\/187Elanpq9YarsWXZsvqB8QSXomf6UopS\/view\" target=\"_blank\">DESCARGAR FICHA\u00a0<\/a><\/p>\n","protected":false},"excerpt":{"rendered":"<p>La serie HT11 es un UPS de doble conversi\u00f3n en l\u00ednea con tecnolog\u00eda de control DSP completa. Con un alto factor de potencia de entrada y salida, frecuencia de salida autoajustable y gesti\u00f3n de red, HT11 es una opci\u00f3n perfecta para computadoras, equipos de telecomunicaciones y otros dispositivos sensibles. \u00a0 Aplicaci\u00f3nIDC (Centro de datos de [&hellip;]<\/p>\n","protected":false},"featured_media":2646,"comment_status":"open","ping_status":"closed","template":"","meta":[],"product_brand":[],"product_cat":[108],"product_tag":[],"class_list":{"0":"post-2647","1":"product","2":"type-product","3":"status-publish","4":"has-post-thumbnail","6":"product_cat-ups-online-monofasicos","8":"first","9":"instock","10":"shipping-taxable","11":"purchasable","12":"product-type-simple"},"jetpack_sharing_enabled":true,"_links":{"self":[{"href":"https:\/\/sumitrix.com\/index.php\/wp-json\/wp\/v2\/product\/2647","targetHints":{"allow":["GET"]}}],"collection":[{"href":"https:\/\/sumitrix.com\/index.php\/wp-json\/wp\/v2\/product"}],"about":[{"href":"https:\/\/sumitrix.com\/index.php\/wp-json\/wp\/v2\/types\/product"}],"replies":[{"embeddable":true,"href":"https:\/\/sumitrix.com\/index.php\/wp-json\/wp\/v2\/comments?post=2647"}],"wp:featuredmedia":[{"embeddable":true,"href":"https:\/\/sumitrix.com\/index.php\/wp-json\/wp\/v2\/media\/2646"}],"wp:attachment":[{"href":"https:\/\/sumitrix.com\/index.php\/wp-json\/wp\/v2\/media?parent=2647"}],"wp:term":[{"taxonomy":"product_brand","embeddable":true,"href":"https:\/\/sumitrix.com\/index.php\/wp-json\/wp\/v2\/product_brand?post=2647"},{"taxonomy":"product_cat","embeddable":true,"href":"https:\/\/sumitrix.com\/index.php\/wp-json\/wp\/v2\/product_cat?post=2647"},{"taxonomy":"product_tag","embeddable":true,"href":"https:\/\/sumitrix.com\/index.php\/wp-json\/wp\/v2\/product_tag?post=2647"}],"curies":[{"name":"wp","href":"https:\/\/api.w.org\/{rel}","templated":true}]}}