{"id":2458,"date":"2025-08-12T05:59:39","date_gmt":"2025-08-12T05:59:39","guid":{"rendered":"https:\/\/sumitrix.com\/index.php\/producto\/ups-online-3kva-smartonline-tripp-lite\/"},"modified":"2025-08-12T05:59:42","modified_gmt":"2025-08-12T05:59:42","slug":"ups-online-3kva-smartonline-tripp-lite","status":"publish","type":"product","link":"https:\/\/sumitrix.com\/index.php\/producto\/ups-online-3kva-smartonline-tripp-lite\/","title":{"rendered":"UPS Online | 3KVA &#8211; SmartOnline \u2013 TRIPP LITE"},"content":{"rendered":"<p>El UPS de Doble Conversi\u00f3n Protege al Equipo Contra Da\u00f1os, Tiempo Muerto y P\u00e9rdida de Datos. Este sistema UPS de 1KVA \u2013 3KVA 200\/208\/220\/230\/240V 50\/60 Hz mantiene la salida perfecta convirtiendo la entrada de CA a CD, luego reconvirtiendo la salida del UPS a CA de onda sinusoidal completamente regulada con +\/-2% de regulaci\u00f3n de voltaje en los modos de respaldo por bater\u00eda y en l\u00ednea. Con un alto factor de potencia de 0.9, 627 joules de supresi\u00f3n de sobretensiones, operaci\u00f3n 100% en l\u00ednea con salida de onda sinusoidal pura y cero tiempo de transferencia a modo de respaldo por bater\u00eda, el sistema UPS de doble conversi\u00f3n SmartOnline\u00ae ofrece el m\u00e1s alto nivel de protecci\u00f3n de energ\u00eda de CA y respaldo por bater\u00eda para centros de distribuci\u00f3n de cableado de red,  salas de computaci\u00f3n y equipos cr\u00edticos de centro de datos.<\/p>\n","protected":false},"excerpt":{"rendered":"<p>El UPS de Doble Conversi\u00f3n Protege al Equipo Contra Da\u00f1os, Tiempo Muerto y P\u00e9rdida de Datos. Este sistema UPS de 1KVA \u2013 3KVA 200\/208\/220\/230\/240V 50\/60 Hz mantiene la salida perfecta convirtiendo la entrada de CA a CD, luego reconvirtiendo la salida del UPS a CA de onda sinusoidal completamente regulada con +\/-2% de regulaci\u00f3n de [&hellip;]<\/p>\n","protected":false},"featured_media":2457,"comment_status":"open","ping_status":"closed","template":"","meta":[],"product_brand":[],"product_cat":[108],"product_tag":[],"class_list":{"0":"post-2458","1":"product","2":"type-product","3":"status-publish","4":"has-post-thumbnail","6":"product_cat-ups-online-monofasicos","8":"first","9":"instock","10":"shipping-taxable","11":"purchasable","12":"product-type-simple"},"jetpack_sharing_enabled":true,"_links":{"self":[{"href":"https:\/\/sumitrix.com\/index.php\/wp-json\/wp\/v2\/product\/2458","targetHints":{"allow":["GET"]}}],"collection":[{"href":"https:\/\/sumitrix.com\/index.php\/wp-json\/wp\/v2\/product"}],"about":[{"href":"https:\/\/sumitrix.com\/index.php\/wp-json\/wp\/v2\/types\/product"}],"replies":[{"embeddable":true,"href":"https:\/\/sumitrix.com\/index.php\/wp-json\/wp\/v2\/comments?post=2458"}],"wp:featuredmedia":[{"embeddable":true,"href":"https:\/\/sumitrix.com\/index.php\/wp-json\/wp\/v2\/media\/2457"}],"wp:attachment":[{"href":"https:\/\/sumitrix.com\/index.php\/wp-json\/wp\/v2\/media?parent=2458"}],"wp:term":[{"taxonomy":"product_brand","embeddable":true,"href":"https:\/\/sumitrix.com\/index.php\/wp-json\/wp\/v2\/product_brand?post=2458"},{"taxonomy":"product_cat","embeddable":true,"href":"https:\/\/sumitrix.com\/index.php\/wp-json\/wp\/v2\/product_cat?post=2458"},{"taxonomy":"product_tag","embeddable":true,"href":"https:\/\/sumitrix.com\/index.php\/wp-json\/wp\/v2\/product_tag?post=2458"}],"curies":[{"name":"wp","href":"https:\/\/api.w.org\/{rel}","templated":true}]}}